r when 1810119 is divided by 905050?
19
What is the remainder when 370178997 is divided by 24?
21
Calculate the remainder when 447882371 is divided by 69.
59
What is the remainder when 32679695 is divided by 32679688?
7
Calculate the remainder when 9194308 is divided by 3779.
1
Calculate the remainder when 2635297 is divided by 7660.
257
What is the remainder when 35171859 is divided by 11?
8
Calculate the remainder when 512726 is divided by 327.
317
Calculate the remainder when 11559397 is divided by 17.
9
Calculate the remainder when 22140695 is divided by 908.
23
What is the remainder when 522855 is divided by 174098?
561
Calculate the remainder when 26150082 is divided by 101.
71
What is the remainder when 4535766 is divided by 95?
86
Calculate the remainder when 5918358 is divided by 2763.
12
Calculate the remainder when 43495762 is divided by 39.
37
Calculate the remainder when 5735022 is divided by 301833.
195
What is the remainder when 142880463 is divided by 433?
422
Calculate the remainder when 206002 is divided by 221.
30
What is the remainder when 1102006 is divided by 1753?
1122
Calculate the remainder when 1370620 is divided by 78.
4
Calculate the remainder when 5611628 is divided by 31526.
0
What is the remainder when 58887 is divided by 11?
4
What is the remainder when 1006940 is divided by 167796?
164
Calculate the remainder when 7499879 is divided by 212.
167
Calculate the remainder when 249958 is divided by 3618.
316
Calculate the remainder when 18319683 is divided by 1846.
1825
Calculate the remainder when 129331449 is divided by 14.
9
Calculate the remainder when 1035676 is divided by 80.
76
Calculate the remainder when 14350329 is divided by 4547.
4544
Calculate the remainder when 1395871 is divided by 7.
1
Calculate the remainder when 60507 is divided by 9870.
1287
What is the remainder when 370271 is divided by 61704?
47
Calculate the remainder when 13519057 is divided by 89.
46
What is the remainder when 2179466 is divided by 786?
674
Calculate the remainder when 125040 is divided by 5194.
384
What is the remainder when 51525573 is divided by 5152557?
3
What is the remainder when 17004268 is divided by 32?
12
Calculate the remainder when 54155 is divided by 17905.
440
Calculate the remainder when 15978485 is divided by 7989193.
99
What is the remainder when 4496581 is divided by 21?
19
Calculate the remainder when 80086 is divided by 26590.
316
What is the remainder when 2476342 is divided by 137574?
10
What is the remainder when 26721761 is divided by 45?
41
What is the remainder when 950086 is divided by 843?
25
What is the remainder when 71976 is divided by 1949?
1812
What is the remainder when 698142 is divided by 38?
6
What is the remainder when 921689 is divided by 630?
629
What is the remainder when 1277617 is divided by 6519?
6412
What is the remainder when 4931682 is divided by 140901?
147
What is the remainder when 37418 is divided by 12428?
134
What is the remainder when 17263419 is divided by 66?
63
What is the remainder when 70931195 is divided by 400?
395
What is the remainder when 4435699 is divided by 11860?
59
Calculate the remainder when 9461 is divided by 1689.
1016
Calculate the remainder when 2293360 is divided by 764437.
49
What is the remainder when 76484026 is divided by 39?
34
What is the remainder when 200225 is divided by 64?
33
Calculate the remainder when 68284 is divided by 16994.
308
Calculate the remainder when 26249 is divided by 4347.
167
What is the remainder when 2983685 is divided by 994502?
179
Calculate the remainder when 14657184 is divided by 115.
89
Calculate the remainder when 50115 is divided by 9977.
230
What is the remainder when 567895 is divided by 541?
386
What is the remainder when 1346106 is divided by 25886?
34
What is the remainder when 150159277 is divided by 182?
177
What is the remainder when 42682 is divided by 10670?
2
What is the remainder when 20347417 is divided by 20347416?
1
Calculate the remainder when 50107 is divided by 15849.
2560
Calculate the remainder when 24505 is divided by 673.
277
Calculate the remainder when 4693868 is divided by 156459.
98
Calculate the remainder when 358095 is divided by 178812.
471
Calculate the remainder when 16497202 is divided by 4124276.
98
Calculate the remainder when 46712 is divided by 242.
6
Calculate the remainder when 77462 is divided by 19287.
314
What is the remainder when 629620 is divided by 209869?
13
Calculate the remainder when 2299231 is divided by 58951.
142
What is the remainder when 1219512 is divided by 1281?
0
Calculate the remainder when 129833 is divided by 1816.
897
What is the remainder when 6360462 is divided by 781?
779
Calculate the remainder when 3583891 is divided by 4791.
223
What is the remainder when 5104228 is divided by 12124?
24
Calculate the remainder when 9974141 is divided by 297.
287
What is the remainder when 13856251 is divided by 1226?
1225
Calculate the remainder when 13766 is divided by 9135.
4631
What is the remainder when 419668 is divided by 204432?
10804
What is the remainder when 8879998 is divided by 1500?
1498
What is the remainder when 14103 is divided by 4677?
72
Calculate the remainder when 250691 is divided by 888.
275
What is the remainder when 117947766 is divided by 9?
3
What is the remainder when 1077740 is divided by 33?
26
Calculate the remainder when 64081493 is divided by 213.
17
Calculate the remainder when 41422252 is divided by 1266.
1264
Calculate the remainder when 404083552 is divided by 1113.
1111
Calculate the remainder when 1358891 is divided by 236.
3
What is the remainder when 456989964 is divided by 152329988?
0
Calculate the remainder when 6785600 is divided by 7676.
16
Calculate the remainder when 1036344 is divided by 11024.
88
Calculate the remainder when 1353764 is divided by 135339.
374
Calculate the remainder when 4912908 is divided by 1637583.
159
Calculate the remainder when 108559486 is divided by 43.
9
What is the remainder when 259401 is divided by 252407?
6994
Calculate the remainder when 2864625 is divided by 557.
531
Calculate the remainder when 8057441 is divided by 1854.
1811
Calculate the remainder when 929354 is divided by 84470.
184
What is the remainder when 8502525 is divided by 420?
45
What is the remainder when 4332674 is divided by 44?
38
What is the remainder when 1955500 is divided by 298?
24
Calculate the remainder when 50268330 is divided by 587.
585
Calculate the remainder when 11680 is divided by 714.
256
Calculate the remainder when 25869051 is divided by 31130.
21
Calculate the remainder when 706162 is divided by 3889.
2253
What is the remainder when 302772572 is divided by 25?
22
What is the remainder when 195395 is divided by 86?
3
What is the remainder when 3493486 is divided by 210?
136
Calculate the remainder when 13346244 is divided by 3559.
3553
Calculate the remainder when 302089 is divided by 16780.
49
What is the remainder when 1115429 is divided by 557343?
743
What is the remainder when 2501127 is divided by 3107?
3099
What is the remainder when 429673 is divided by 436?
213
What is the remainder when 4746641 is divided by 29?
8
Calculate the remainder when 364468 is divided by 120907.
1747
What is the remainder when 154228888 is divided by 3491?
3490
What is the remainder when 7469969 is divided by 1631?
1620
What is the remainder when 37921839 is divided by 6382?
6377
What is the remainder when 39196416 is divided by 7839273?
51
Calculate the remainder when 5238156 is divided by 56.
28
What is the remainder when 2349963 is divided by 351?
18
Calculate the remainder when 124282 is divided by 31060.
42
What is the remainder when 434400 is divided by 533?
5
What is the remainder when 2732124 is divided by 144?
12
Calculate the remainder when 55525 is divided by 1707.
901
Calculate the remainder when 5989150 is divided by 24.
22
Calculate the remainder when 250275 is divided by 15639.
51
Calculate the remainder when 32215834 is divided by 785752.
2
What is the remainder when 4149751 is divided by 19?
18
Calculate the remainder when 22702 is divided by 2318.
1840
What is the remainder when 1377164 is divided by 196701?
257
What is the remainder when 157536 is divided by 384?
96
Calculate the remainder wh